3*m = h - 21. Calculate the remainder when s is divided by h.
18
Let q(r) = 19*r**2 + r + 2. Calculate the remainder when q(-1) is divided by 8.
4
Let h = -2 - -2. Suppose h = -5*w + 82 + 153. What is the remainder when w is divided by 2*(-8)/(-3)*3?
15
Let q(j) = -j**2 - 7*j. Let n be 62/(-10) + (-2)/(-10). Calculate the remainder when (-2 - -40) + (n - -3) is divided by q(-3).
11
Let k(g) = -g**3 - 11*g**2 + 10*g - 7. What is the remainder when 24 is divided by k(-12)?
7
Let z = -6 + 4. Let t be (-4 + z)/((-3)/2). Calculate the remainder when 67 is divided by ((-46)/8)/((-1)/t).
21
Let q = 4 - -8. What is the remainder when 57 is divided by q?
9
Let q(m) = -2*m - 20. Suppose 5*n + 5*s = s + 133, -n + 41 = -4*s. Calculate the remainder when n is divided by q(-18).
13
Let c(v) = 2*v + 6. Let d be c(6). Suppose k - 15 = d. What is the remainder when k is divided by 12?
9
Let b(z) = z**2 - 6*z - 10. Let w be b(-4). Let i = 54 - w. Calculate the remainder when 70 is divided by i.
22
Suppose -23 = 5*j - 3*x - 75, -x - 21 = -2*j. Suppose 0 = l - 3*l + 40. Calculate the remainder when l is divided by j.
9
Let h(i) = -i**3 + 13*i**2 - 12*i. Let v be h(12). Suppose v = -3*b + 5 + 19. Suppose -2*q - 2 = -b. What is the remainder when 8 is divided by q?
2
Let m = 72 + -23. Calculate the remainder when m is divided by 26.
23
What is the remainder when -2 + -1*(-4 + -19) is divided by 6?
3
Suppose j + 4*j + 335 = 3*f, -4*f - 2*j = -490. Calculate the remainder when f/18 - 4/6 is divided by 4.
2
Let o be (-2)/(-7) - 32/14. Let a be ((-2)/4)/(o/8). Suppose a*g + 27 = 5*g. What is the remainder when g is divided by 3?
0
Let g(c) = -9*c - 10. What is the remainder when g(-6) is divided by 15?
14
Suppose -5*p - 4*f + 53 = 0, 5*p - 4*f - 8 = 29. Let u be p/6*2 - 1. What is the remainder when 4 is divided by 1*u*(-3)/(-2)?
1
Let j be (-4)/(-4) - (0 + 1). Suppose 6*v - 2*v - 32 = j. What is the remainder when 15 is divided by v?
7
Suppose -5*c = 3*k + 8, 2*k - 4 - 24 = 5*c. Suppose -k*u + 114 = -14. Calculate the remainder when u is divided by 11.
10
Let l(j) = j**2 - 5*j - 1. Let u be l(6). Let r(c) be the second derivative of c**3/6 - c**2 + c. Calculate the remainder when 5 is divided by r(u).
2
Suppose -3*r = -2*k + 14, -3*r - 14 = -2*k + 2*r. Calculate the remainder when 12 is divided by k.
5
Suppose -3*k + 2*b - 7 = 0, -3*b + 0 - 3 = 0. Let a(w) = -w**2 - 3*w + 3. Let y(n) = n**2 + 2*n - 3. Calculate the remainder when y(2) is divided by a(k).
2
Suppose -5*c + 9 = 29, c = -2*r. Suppose 0 = -4*t - 20 + 56. What is the remainder when r + -1 + (26 - 2) is divided by t?
7
Suppose 40 = 2*h - 4*p, -3*p = 2*h - 0*h - 33. Suppose -4 = -4*n, -2*d - 4*n + 108 = -0*n. What is the remainder when d is divided by h?
16
Let u = 11 - 7. Suppose -u*b = -5*z + 7, -3*b + 0 - 3 = -3*z. Calculate the remainder when 6 is divided by z.
0
Let l(j) = 24*j - 3. Suppose 4*a = -2*v + 336, -161 = -4*a + v + 169. Calculate the remainder when a is divided by l(1).
20
Let k(d) = d**2 + d - 2. What is the remainder when 27 is divided by k(3)?
7
Let v be (3/6)/((-3)/(-60)). Calculate the remainder when (-8 + -1)*v/(-30) is divided by 3.
0
Let a = 18 + -14. Calculate the remainder when 9 is divided by a.
1
Let h be (0 - 2)*7/(-7). What is the remainder when 1*-2 - (-1 + -18) is divided by 11/h - 1/(-2)?
5
Suppose 0 = -2*u - 4*j - 42, 0*u - 2*u - 30 = -2*j. Let h = u + 42. Calculate the remainder when h is divided by 9.
7
Let m(u) = -u**3 + 5*u**2 + 5*u - 4. Let r(n) = -5*n**3 + n**2 + 2*n + 1. What is the remainder when r(-2) is divided by m(5)?
20
Let r(l) = 0*l - 2 + 2*l - 3*l. Let t = -71 - -114. Calculate the remainder when t is divided by r(-13).
10
Suppose -y + 0 = -5. Suppose -y*d = -2*d + u - 7, 5 = 5*u. Calculate the remainder when 1/((-1)/(-2)) - -1 is divided by d.
1
Let l = 8 - 11. Let d = 5 + l. Suppose 2*s = -2*o - d, 5*s + 0*s = -2*o + 4. Calculate the remainder when 5 is divided by s.
1
Let g = -8 + 23. Calculate the remainder when g is divided by 9.
6
Let a(h) = h**3 + 17*h**2 + 2*h + 38. What is the remainder when 39 is divided by a(-17)?
3
Let x = -2 - -5. Let p(g) = g**2 - 20*g + 42. What is the remainder when p(18) is divided by x?
0
Suppose -4*a + 1053 = -3*k, 444 + 367 = 3*a + 2*k. Suppose -2*w - 5*f + 36 = w, 2*w - f - 24 = 0. Calculate the remainder when (-2)/8 - a/(-12) is divided by w.
10
Suppose 4*v = -3*k - 1, 2*v = -4*k - 3 + 15. Suppose -3*s + 4*i + 75 = 2*s, 5*s = -k*i + 30. Let b = -14 - -20. What is the remainder when s is divided by b?
5
Suppose -3 + 2 = k. Calculate the remainder when (-74)/k - (-12)/(-6) is divided by 19.
15
Let m = -10 + 15. Let x(g) be the first derivative of g**2/2 + 4*g + 1. What is the remainder when x(5) is divided by m?
4
Suppose -8 = -4*s + 40. What is the remainder when 57 is divided by s?
9
Let q = 54 - 43. Calculate the remainder when 13 is divided by q.
2
Suppose -n - 2*n = 18. Let z = n + 22. Suppose 2*t - 70 = -5*r, 2*t + 3*r - 68 = -r. What is the remainder when t is divided by z?
14
Suppose o = -5*d + 60, 0 = -0*d - 2*d + 10. What is the remainder when o is divided by 18?
17
Let y = -434 + 436. Suppose -5*k + k - f + 26 = 0, -k - 3*f = -12. Calculate the remainder when k is divided by y.
0
Let s(p) be the first derivative of -1/2*p**2 - 1 + 10*p. What is the remainder when 36 is divided by s(-9)?
17
Let m = -101 + 162. What is the remainder when m is divided by 21?
19
Calculate the remainder when 4/22 - (-504)/11 is divided by 12.
10
What is the remainder when 48/(-12) - 1*-37 is divided by 7?
5
What is the remainder when (-1 + 5)*8/1 is divided by 20?
12
Let c(g) = -103*g + 4. Let p be c(-2). Suppose -5*l + p = k, l - 3*l + 97 = 3*k. What is the remainder when l is divided by 11?
8
Let y(d) = -d - 1. Let c(o) = 11*o. Let v(a) = c(a) + 5*y(a). Suppose 5*g + 151 = 2*z, -5*z + 6*z - 70 = -3*g. What is the remainder when z is divided by v(5)?
23
Let n(y) = -y**2 + 7*y + 3. Calculate the remainder when 17 is divided by n(6).
8
Suppose 0*y = -3*y + 24. Let q = -17 + 55. Calculate the remainder when q is divided by y.
6
Suppose 0 = -0*m + 4*m. Suppose 3*t + h - 9 - 2 = 0, -5*t - 2*h + 17 = 0. What is the remainder when (38 - m)*3/6 is divided by t?
4
Let o = -3 - -3. Suppose o = -3*v - 2*v + 105. Calculate the remainder when v is divided by 8.
5
Let n be -1*(2 - 1 - 3). Suppose 4*z = 18 + n. Calculate the remainder when z is divided by 3.
2
Let w(i) = -i**2 + 14*i - 24. What is the remainder when 66 is divided by w(6)?
18
Suppose 0 = 3*z - 4*l - 19, 3*z - 5*l + 0*l = 14. What is the remainder when 37 is divided by z?
11
Let j be (-479 - 1)*(-4)/(-6). Let a be ((-12)/(-10))/(12/j). Let s = 61 + a. Calculate the remainder when s is divided by 10.
9
What is the remainder when 2/(-8) + 532/16 is divided by 7?
5
Suppose -3*x - 3*p + 0 = -6, -5*p = x + 2. What is the remainder when 2/x - (-28)/21 is divided by 1?
0
Suppose 5*v - 36 = 19. Let q(n) = 2*n - 17. Let d(c) = -1. Let w(l) = -4*d(l) + q(l). What is the remainder when 17 is divided by w(v)?
8
Let v(o) = -58*o + 1. Calculate the remainder when v(-1) is divided by 31.
28
Let c(g) = -g**3 - 13*g**2 + 13*g - 11. Let n(l) = l + 4. Let v be n(-3). What is the remainder when c(-14) is divided by (4/(-6))/(v/(-3))?
1
Let x be 4 + -4 + (-2)/(-1). What is the remainder when (-496)/(-14) + (-28)/(-49) is divided by x/(-4)*(-26 - 0)?
10
Let w(s) = -s**3 - 8*s**2 + 8*s - 5. Calculate the remainder when 12 is divided by w(-9).
0
Let o be -1*(-3)/(9/(-39)). Let q = 9 - o. What is the remainder when q is divided by 8?
6
What is the remainder when 51 is divided by (2 - 3) + (0 - -28)?
24
Suppose x = 5, -3*w + 10 = -3*x - x. What is the remainder when 18 is divided by w?
8
Let z(y) = y**2 + 2*y - 2. Suppose -5*i = w + 16, 2*w - 53 = 5*i - 10. What is the remainder when z(5) is divided by w?
6
Let s be 0/3 - (-2 - 1). Let w be (-12)/15*((2 - 18) + 1). Calculate the remainder when 17 is divided by 0/s - w/(-2).
5
Calculate the remainder when -7*(18/63 + 2*-1) is divided by 8.
4
Let v = 1 + 1. Calculate the remainder when 3 is divided by v.
1
Suppose 30 = 2*b - 4*i, 72 - 12 = 4*b - 3*i. Suppose b = 5*q + 3*k, k + 4*k = -2*q + 6. Calculate the remainder when 4 is divided by q.
1
Calculate the 